
What is 4 + (7 - 11) + 5?
5
What is 4 + -2 + -1 - (-115 - -114)?
2
What is the value of -2 + (4 - 11) + 6 - 1?
-4
What is the value of 6 + -1 - (2 + 5)?
-2
What is (-9 - -7) + 0 + 1 + 2?
1
What is (-1 - (-1 - 1)) + 3 + -1?
3
Evaluate (11 - 3 - 7) + 1.
2
Evaluate -2 - -7 - ((15 - 26) + 17).
-1
-12 + (-19 - -13) + 10
-8
Evaluate 0 - -3 - (-104 + 114).
-7
Calculate -7 - ((-10 + 3 - -7) + 2).
-9
Calculate (3 - 0) + (-29 - -21).
-5
What is 3 - (-6 - -17 - 8)?
0
What is the value of -3 - -3 - (20 - 17)?
-3
Evaluate -6 + -1 - (1 - 3 - 1).
-4
-15 - (-16 - -4 - -5)
-8
What is the value of -4 - (-9 + 18 + -17)?
4
What is the value of 3 + (-4 - 0) + -1?
-2
Evaluate (-1 - -14) + (14 - (31 - 11)).
7
-5 - (-4 + (4 - 9))
4
What is the value of 0 - (-4 + 9 - (11 - 1))?
5
What is (-2 - (-5 + 7) - -7) + -9?
-6
Evaluate (-1 - -7) + (-30 - -20).
-4
What is the value of 6 + (-3 - (1 - 0)) - -2?
4
What is the value of 3 - ((8 - 4) + (1 - 5))?
3
Calculate (0 - (10 - -4)) + 13.
-1
(-3 - -1 - (16 - 20)) + -6
-4
Evaluate -10 + 4 + (-1 - -1) + -1.
-7
24 + -18 + -1 + -8
-3
Calculate 1 - -4 - (0 - -6) - 6.
-7
28 + -11 + (-14 - -7)
10
Calculate 22 + (-5 - 3) + -10.
4
Calculate -12 + 19 + -1 + -3.
3
Evaluate (-4 - 5 - -3 - 9) + 6.
-9
What is (-2 + 0 - 1) + (3 - -2)?
2
Calculate 14 + -23 + 1 - -6.
-2
Evaluate 3 - (-11 - -3) - 9.
2
Calculate -3 + 11 + -4 - 12.
-8
What is (1 - (8 + -20)) + -10?
3
(34 - 11 - 31) + 8 + 1
1
What is 1 + -7 - (14 + -12)?
-8
What is the value of 0 - -6 - (4 - 0)?
2
What is the value of -12 + (16 - 6) - (1 + 0)?
-3
Evaluate 2 + -6 + (4 - 1) + -2.
-3
Calculate (16 - 3) + -12 - (-1 + 6).
-4
(-2 - 1 - 0) + (-138 - -137)
-4
What is (-3 - (7 + -1)) + 26 + -19?
-2
Evaluate (1 - (0 + 1)) + 0 + -2.
-2
2 - (-1 - -1 - (-1 + -4))
-3
Evaluate (6 - (-2 - -6)) + -4.
-2
Calculate 0 + -5 + (-3 - -4).
-4
Evaluate 1 + (-6 - (6 + -6)).
-5
(-12 - (6 - 11)) + 2 + 0
-5
What is the value of 5 - (4 - (-6 - -1))?
-4
2 + (-1 - (1 + 3)) - 2
-5
2 + (-3 + -7 - -2)
-6
(17 - 21) + (1 + 3 - 1)
-1
Calculate 10 - 7 - (-2 + 0).
5
Calculate -7 - (-5 + 5) - -10.
3
What is 6 + -6 + -3 + (2 - -2)?
1
What is -4 + 3 + 7 + -1?
5
Calculate 6 + (2 + -5 - 0).
3
What is -3 - -5 - (-4 + 6)?
0
(7 - (9 - 5)) + -5 + 1
-1
-11 + 11 - (2 + -7)
5
What is the value of -6 + 0 + -12 + 15?
-3
What is the value of 0 - -9 - (6 - -1)?
2
What is -13 + -3 + 2 + 9?
-5
Evaluate (-2 - -6) + (-5 - -6).
5
(10 - 3) + (-9 - -9 - -2)
9
What is the value of (1 + -6 + 0 - -13) + -6?
2
Calculate -55 - -64 - (0 + 17).
-8
What is the value of -17 - -8 - (-4 - 12)?
7
What is the value of -2 + (1 - -5) + 3?
7
Evaluate (2 - 13 - -18) + -14.
-7
What is the value of -3 - (1 - 4 - 0)?
0
What is -1 + 4 - (7 - (6 - -2))?
4
Evaluate (-2 - (-6 + 7)) + -4 - -4.
-3
What is -3 + 5 + -4 + 1?
-1
What is (168 - 171) + (-1 + 1 - 1)?
-4
Evaluate (1 - 9) + 5 + (-1 - -9).
5
What is the value of (-10 - -12) + -4 + -3?
-5
Calculate -3 + 1 + (-32 - -27).
-7
What is (128 - 118) + -2 + 1?
9
-10 + 1 - (5 - 9)
-5
Evaluate -6 + 6 + 4 + -2 + -4.
-2
8 - ((2 - 12) + 13)
5
Calculate 0 + 1 + 3 + -8 + 7.
3
Calculate 1 + -2 + -4 + 11 + -5.
1
What is the value of 0 + 2 + (-7 - -6) - 1?
0
0 - (-5 + 3 - (-3 + 6))
5
Evaluate -6 + 4 + 8 + 1 + 0.
7
What is 2 + 2 + (-5 - (-3 - -2))?
0
What is the value of -38 + 42 - (0 - -1)?
3
What is -1 + 6 - (-2 + (-1 - -4))?
4
5 + (0 - (6 + -4 - 2))
5
What is 1 + (2 - (-1 - (-2 + -2)))?
0
What is (-171 - -183) + 0 + -10?
2
(4 - (2 - (-4 - -1))) + 2
1
-3 - (-2 + (-1 - -3) + 0)
-3
(-36 - -30) + (0 - -1 - -1)
-4
What is the value of (-1 - (4 - 8)) + -7?
-4
What is the value of ((2 - 3) + -3 - -1) + 5?
2
Evaluate (3 - 3 - 2) + -2 - 1.
-5
Calculate -5 + 16 + -11 + (0 - 3).
-3
What is the value of 2 + -8 + (-17 - -15)?
-8
What is the value of -4 + 4 + -1 - -3?
2
What is -10 - (0 + 0) - -5?
-5
What is (6 - -1) + -15 + 5 + 6?
3
-5 + -2 + (6 - 8) + 7
-2
(2 - (-2 + 1)) + 1 + 0
4
What is 3 - 0 - (3 - 1)?
1
Evaluate -1 + 1 - (17 + -12).
-5
Evaluate (-4 - -7) + 2 - 4.
1
What is the value of 1 + (-6 - (6 - 7))?
-4
Evaluate -7 - -7 - (2 - 7) - 6.
-1
Calculate 1 + -31 + 25 - (0 + -14).
9
What is the value of -37 - -43 - (4 + 1)?
1
What is -6 + 4 + (-5 - -3) + 3?
-1
What is -5 + (13 - (-3 + 6 + 3))?
2
What is the value of -1 - 0 - (-50 - -56) - -15?
8
9 + 2 + -1 + -7
3
Evaluate -1 + -4 + 4 + 1.
0
Calculate -50 + 61 - ((-3 - -2) + 5).
7
What is the value of 1 + 9 - (12 - (9 + -1))?
6
-3 - 1 - (-1 - -2)
-5
(8 - -6) + -9 + (-2 - -1)
4
What is 6 - (6 + 6) - -12?
6
What is the value of 7 - (-12 + 6 + 16 - 4)?
1
Evaluate 0 - -3 - (6 - (1 + 1)).
-1
Calculate 10 + (10 - (3 - -21)).
-4
(0 - -2) + -9 + (-9 - -15)
-1
What is 1 + -2 - (13 + -19 + 0)?
5
Evaluate (1 - -3) + -10 - -6.
0
What is 4 + (4 - 7) - -3?
4
What is -4 + 4 + -6 + 2?
-4
What is -1 - 0 - (0 + 5)?
-6
-3 + (3 + -2 - -3)
1
What is 0 - 0 - (14 + -8)?
-6
What is 20 + -22 + 1 + -1?
-2
Evaluate -3 - ((-1 - 5) + (8 - 7)).
2
-1 - (0 + 0 - -1)
-2
2 + -6 + 2 - (-7 + 2)
3
What is the value of 0 + -2 - (3 - 3)?
-2
What is the value of 3 + -9 + -2 + 6?
-2
What is (-1 - (9 - 5)) + 9?
4
Evaluate (11 - 18) + 1 + 1.
-5
Evaluate (-2 - 22) + 14 + 6 + 0.
-4
Calculate 1 + -13 - (-30 + 20).
-2
Calculate 5 + (-2 - (-2 + 3 + -2)).
4
Calculate -1 + 1 + (2 - 6) - -4.
0
What is the value of 16 - 23 - (-2 - 1)?
-4
What is -3 + (14 - -2 - 10)?
3
-6 - -1 - (280 + -286)
1
Evaluate 2 + 3 - (-8 - (7 - 17)).
3
Evaluate -16 + 10 - (-7 - -1).
0
Evaluate -2 - (3 - 3) - 0 - -2.
0
What is 9 - (0 - -2 - -2)?
5
Calculate -63 - -56 - (1 - 4).
-4
Calculate -3 + (-3 - -5 - 5).
-6
8 - (10 + -1 + 1)
-2
What is 6 + -6 + 1 - (0 - 1)?
2
Calculate (-4 + (6 - 8) - -12) + -13.
-7
What is 0 + -3 - (-14 + 3 - -5)?
3
Evaluate 6 + -1 - (64 + -59).
0
Calculate (0 - -1) + 2 + -1.
2
What is -7 - 1 - (7 - (-10 + 25))?
0
Evaluate 5 + -11 + 1 + 8.
3
What is -6 - ((0 - 2) + 1) - -12?
7
Evaluate -3 + (3 - 1) + 2.
1
Calculate -1 - 4 - -6 - 1.
0
Evaluate -3 - (-4 + 13 + -7).
-5
Evaluate (9 - 11) + -3 + 2 - -2.
-1
-11 + (0 - 2) - -10
-3
(1 - (7 - -5)) + 14
3
Evaluate 11 + -12 + -1 + -1.
-3
What is (1 - 5) + 1 + 1 + -2?
-4
What is the value of 3 + -8 + 3 + -3?
-5
What is the value of 1 - (1 + (2 - 6))?
4
Evaluate (-17 - -26) + (-5 - (1 + -1)).
4
Calculate 1 + (1 - 1) + -3.
-2
Calculate -6 - -1 - (12 - (2 + 9)).
-6
What is the value of 0 - -4 - (-33 + 40)?
-3
Evaluate -91 - -89 - (1 + -2 - 0).
-1
Calculate -12 + -1 + 10 + (14 - 1).
10
What is the value of -2 - -10 - (15 + (-10 - 5))?
8
-33 + 31 - ((2 - 1) + -5)
2
What is -3 + 2 + 3 + 3 + 2?
7
-46 - -39 - (-11 + 4 - -3)
-3
Evaluate 9 - (14 + -8) - 0 - 3.
0
Evaluate -27 + 18 - (0 + -5).
-4
Calculate 0 - (8 - 9) - -5.
6
Calculate (75 - 77) + 6 + (-1 - 1).
2
Calculate -2 - -5 - (3 + -4).
4
What is 2 - (3 - 2 - 4)?
5
Calculate -2 + (0 - 0) + 20 + -23.
-5
What is (4 + -3 - (-8 + 2)) + -2?
5
Calculate 5 - (19 - 2 - 9).
-3
Calculate 4 + 1 + (3 + 1 - 8).
1
Calculate 2 + (-2 - (2 - 3)).
1
Evaluate 10 - (15 + -7) - (0 + -2).
4
What is the value of (0 - 0) + 0 + (0 - 2)?
-2
Calculate -40 + 34 - (-8 + -1) - -3.
6
Evaluate 5 + 0 + 1 + -7.
-1
7 + (-1 - (-1 - -2))
5
What is the value of 2 + (-1 - 1) + 7?
7
Evaluate -10 + -1 + -2 - -7.
-6
What is the value of 1 + 1 + (-1 - 3)?
-2
Calculate (-9 - -7) + (1 - 3) + -1.
-5
(5 - 0 - 3) + 3
5
What is the value of -12 + 4 + 1 - (-10 - 3)?
6
What is the value of -3 + 4 + -4 + 1?
-2
19 - (14 - 7) - 9
3
Calculate (7 - (1 - 0)) + -3.
3
Calculate 0 - (-1 - 2) - (1 + -1).
3
What is the value of -3 + -5 + 7 - (-3 + 3)?
-1
What is the value of 1 + (1 - 4) + (28 - 29)?
-3
What is 11 + (5 + -5 - 12)?
-1
Calculate 0 + (-5 - -3) + 5.
3
What is the value of (0 + -1 - -6) + -12 + 3?
-4
Evaluate -4 + 6 + 5 + -10 - -6.
3
Calculate -4 + 0 + 0 + (-5 - -3).
-6
What is 1 - -1 - (3 + 2)?
-3
Calculate (8 - 19 - -10) + 11.
10
What is -11 - (-5 - -2) - (-8 - -4)?
-4
46 + -42 - (-1 + 7)
-2
What is the value of -1 + 2 - 2 - 1 - 3?
-5
What is -4 + (-5 - -5) + 1?
-3
Calculate (-2 - (-5 + 10)) + 2.
-5
Calculate -2 - (6 + -4 + -3).
-1
Evaluate 5 + (-19 - -8) - (-1 + -14).
9
-2 - (-3 + 4 + -4)
1
Evaluate -2 + 3 + -1 + (-2 - 0).
-2
Evaluate 2 + -3 + 1 - (-7 + 4).
3
What is the value of -4 + (-4 - -1) - -5?
-2
Calculate (-22 - -13) + 0 + 1 + 1.
-7
Calculate (5 - 0) + -2 + (-2 - 3).
-2
What is 121 + -108 + (-1